{"id":1590,"date":"2024-08-20T20:57:43","date_gmt":"2024-08-20T18:57:43","guid":{"rendered":"http:\/\/eeglyon.org\/?page_id=1590"},"modified":"2024-09-07T18:26:21","modified_gmt":"2024-09-07T16:26:21","slug":"contact","status":"publish","type":"page","link":"https:\/\/eeglyon.org\/index.php\/contact\/","title":{"rendered":"Contact"},"content":{"rendered":"\t\t<div data-elementor-type=\"wp-page\" data-elementor-id=\"1590\" class=\"elementor elementor-1590\" data-elementor-post-type=\"page\">\n\t\t\t\t<div class=\"elementor-element elementor-element-1f62dcb2 e-con-full e-flex wpr-particle-no wpr-jarallax-no wpr-parallax-no wpr-sticky-section-no wpr-equal-height-no e-con e-parent\" data-id=\"1f62dcb2\" data-element_type=\"container\" data-e-type=\"container\" data-settings=\"{&quot;background_background&quot;:&quot;classic&quot;}\">\n\t\t<div class=\"elementor-element elementor-element-6d137041 e-con-full elementor-hidden-mobile e-flex wpr-particle-no wpr-jarallax-no wpr-parallax-no wpr-sticky-section-no wpr-equal-height-no e-con e-child\" data-id=\"6d137041\" data-element_type=\"container\" data-e-type=\"container\">\n\t\t\t\t<div class=\"elementor-element elementor-element-b51f180 elementor-hidden-mobile elementor-widget elementor-widget-text-editor\" data-id=\"b51f180\" data-element_type=\"widget\" data-e-type=\"widget\" data-widget_type=\"text-editor.default\">\n\t\t\t\t<div class=\"elementor-widget-container\">\n\t\t\t\t\t\t\t\t\t<p>F<\/p><p>o<\/p><p>l<\/p><p>l<\/p><p>o<\/p><p>w<\/p><p>u<\/p><p>s<\/p>\t\t\t\t\t\t\t\t<\/div>\n\t\t\t\t<\/div>\n\t\t\t\t<div class=\"elementor-element elementor-element-68e80b5e elementor-grid-1 elementor-shape-rounded e-grid-align-center elementor-widget elementor-widget-social-icons\" data-id=\"68e80b5e\" data-element_type=\"widget\" data-e-type=\"widget\" data-widget_type=\"social-icons.default\">\n\t\t\t\t<div class=\"elementor-widget-container\">\n\t\t\t\t\t\t\t<div class=\"elementor-social-icons-wrapper elementor-grid\" role=\"list\">\n\t\t\t\t\t\t\t<span class=\"elementor-grid-item\" role=\"listitem\">\n\t\t\t\t\t<a class=\"elementor-icon elementor-social-icon elementor-social-icon-facebook elementor-repeater-item-436c959\" target=\"_blank\">\n\t\t\t\t\t\t<span class=\"elementor-screen-only\">Facebook<\/span>\n\t\t\t\t\t\t<svg aria-hidden=\"true\" class=\"e-font-icon-svg e-fab-facebook\" viewBox=\"0 0 512 512\" xmlns=\"http:\/\/www.w3.org\/2000\/svg\"><path d=\"M504 256C504 119 393 8 256 8S8 119 8 256c0 123.78 90.69 226.38 209.25 245V327.69h-63V256h63v-54.64c0-62.15 37-96.48 93.67-96.48 27.14 0 55.52 4.84 55.52 4.84v61h-31.28c-30.8 0-40.41 19.12-40.41 38.73V256h68.78l-11 71.69h-57.78V501C413.31 482.38 504 379.78 504 256z\"><\/path><\/svg>\t\t\t\t\t<\/a>\n\t\t\t\t<\/span>\n\t\t\t\t\t\t\t<span class=\"elementor-grid-item\" role=\"listitem\">\n\t\t\t\t\t<a class=\"elementor-icon elementor-social-icon elementor-social-icon-twitter elementor-repeater-item-769f9ee\" target=\"_blank\">\n\t\t\t\t\t\t<span class=\"elementor-screen-only\">Twitter<\/span>\n\t\t\t\t\t\t<svg aria-hidden=\"true\" class=\"e-font-icon-svg e-fab-twitter\" viewBox=\"0 0 512 512\" xmlns=\"http:\/\/www.w3.org\/2000\/svg\"><path d=\"M459.37 151.716c.325 4.548.325 9.097.325 13.645 0 138.72-105.583 298.558-298.558 298.558-59.452 0-114.68-17.219-161.137-47.106 8.447.974 16.568 1.299 25.34 1.299 49.055 0 94.213-16.568 130.274-44.832-46.132-.975-84.792-31.188-98.112-72.772 6.498.974 12.995 1.624 19.818 1.624 9.421 0 18.843-1.3 27.614-3.573-48.081-9.747-84.143-51.98-84.143-102.985v-1.299c13.969 7.797 30.214 12.67 47.431 13.319-28.264-18.843-46.781-51.005-46.781-87.391 0-19.492 5.197-37.36 14.294-52.954 51.655 63.675 129.3 105.258 216.365 109.807-1.624-7.797-2.599-15.918-2.599-24.04 0-57.828 46.782-104.934 104.934-104.934 30.213 0 57.502 12.67 76.67 33.137 23.715-4.548 46.456-13.32 66.599-25.34-7.798 24.366-24.366 44.833-46.132 57.827 21.117-2.273 41.584-8.122 60.426-16.243-14.292 20.791-32.161 39.308-52.628 54.253z\"><\/path><\/svg>\t\t\t\t\t<\/a>\n\t\t\t\t<\/span>\n\t\t\t\t\t\t\t<span class=\"elementor-grid-item\" role=\"listitem\">\n\t\t\t\t\t<a class=\"elementor-icon elementor-social-icon elementor-social-icon-youtube elementor-repeater-item-c68887e\" target=\"_blank\">\n\t\t\t\t\t\t<span class=\"elementor-screen-only\">Youtube<\/span>\n\t\t\t\t\t\t<svg aria-hidden=\"true\" class=\"e-font-icon-svg e-fab-youtube\" viewBox=\"0 0 576 512\" xmlns=\"http:\/\/www.w3.org\/2000\/svg\"><path d=\"M549.655 124.083c-6.281-23.65-24.787-42.276-48.284-48.597C458.781 64 288 64 288 64S117.22 64 74.629 75.486c-23.497 6.322-42.003 24.947-48.284 48.597-11.412 42.867-11.412 132.305-11.412 132.305s0 89.438 11.412 132.305c6.281 23.65 24.787 41.5 48.284 47.821C117.22 448 288 448 288 448s170.78 0 213.371-11.486c23.497-6.321 42.003-24.171 48.284-47.821 11.412-42.867 11.412-132.305 11.412-132.305s0-89.438-11.412-132.305zm-317.51 213.508V175.185l142.739 81.205-142.739 81.201z\"><\/path><\/svg>\t\t\t\t\t<\/a>\n\t\t\t\t<\/span>\n\t\t\t\t\t<\/div>\n\t\t\t\t\t\t<\/div>\n\t\t\t\t<\/div>\n\t\t\t\t<\/div>\n\t\t<div class=\"elementor-element elementor-element-3d11e6d9 e-con-full e-flex wpr-particle-no wpr-jarallax-no wpr-parallax-no wpr-sticky-section-no wpr-equal-height-no e-con e-child\" data-id=\"3d11e6d9\" data-element_type=\"container\" data-e-type=\"container\">\n\t\t<div class=\"elementor-element elementor-element-54d8adc5 e-con-full e-flex wpr-particle-no wpr-jarallax-no wpr-parallax-no wpr-sticky-section-no wpr-equal-height-no e-con e-child\" data-id=\"54d8adc5\" data-element_type=\"container\" data-e-type=\"container\">\n\t\t\t\t<div class=\"elementor-element elementor-element-6b0374bb elementor-widget__width-initial elementor-hidden-mobile elementor-widget-divider--view-line elementor-widget elementor-widget-divider\" data-id=\"6b0374bb\" data-element_type=\"widget\" data-e-type=\"widget\" data-widget_type=\"divider.default\">\n\t\t\t\t<div class=\"elementor-widget-container\">\n\t\t\t\t\t\t\t<div class=\"elementor-divider\">\n\t\t\t<span class=\"elementor-divider-separator\">\n\t\t\t\t\t\t<\/span>\n\t\t<\/div>\n\t\t\t\t\t\t<\/div>\n\t\t\t\t<\/div>\n\t\t\t\t<div class=\"elementor-element elementor-element-12c0e0f9 title elementor-hidden-mobile elementor-hidden-tablet elementor-widget elementor-widget-heading\" data-id=\"12c0e0f9\" data-element_type=\"widget\" data-e-type=\"widget\" data-widget_type=\"heading.default\">\n\t\t\t\t<div class=\"elementor-widget-container\">\n\t\t\t\t\t<h2 class=\"elementor-heading-title elementor-size-default\">Eglise Evang\u00e9lique de la Gr\u00e2ce<\/h2>\t\t\t\t<\/div>\n\t\t\t\t<\/div>\n\t\t\t\t<div class=\"elementor-element elementor-element-c3415d8 title elementor-hidden-desktop elementor-widget elementor-widget-heading\" data-id=\"c3415d8\" data-element_type=\"widget\" data-e-type=\"widget\" data-widget_type=\"heading.default\">\n\t\t\t\t<div class=\"elementor-widget-container\">\n\t\t\t\t\t<h2 class=\"elementor-heading-title elementor-size-default\">Eglise Evang\u00e9lique de la Gr\u00e2ce<\/h2>\t\t\t\t<\/div>\n\t\t\t\t<\/div>\n\t\t\t\t<\/div>\n\t\t\t\t<div class=\"elementor-element elementor-element-6dc37129 elementor-widget__width-inherit elementor-widget elementor-widget-text-editor\" data-id=\"6dc37129\" data-element_type=\"widget\" data-e-type=\"widget\" data-widget_type=\"text-editor.default\">\n\t\t\t\t<div class=\"elementor-widget-container\">\n\t\t\t\t\t\t\t\t\t<p>Nous contacter<\/p>\t\t\t\t\t\t\t\t<\/div>\n\t\t\t\t<\/div>\n\t\t<div class=\"elementor-element elementor-element-7136e8dd e-con-full e-flex wpr-particle-no wpr-jarallax-no wpr-parallax-no wpr-sticky-section-no wpr-equal-height-no e-con e-child\" data-id=\"7136e8dd\" data-element_type=\"container\" data-e-type=\"container\">\n\t\t\t\t<div class=\"elementor-element elementor-element-66a3e32b elementor-widget elementor-widget-text-editor\" data-id=\"66a3e32b\" data-element_type=\"widget\" data-e-type=\"widget\" data-widget_type=\"text-editor.default\">\n\t\t\t\t<div class=\"elementor-widget-container\">\n\t\t\t\t\t\t\t\t\t<p>Scroll Down<\/p>\t\t\t\t\t\t\t\t<\/div>\n\t\t\t\t<\/div>\n\t\t\t\t<div class=\"elementor-element elementor-element-3fdb9fbd elementor-view-default elementor-widget elementor-widget-icon\" data-id=\"3fdb9fbd\" data-element_type=\"widget\" data-e-type=\"widget\" data-widget_type=\"icon.default\">\n\t\t\t\t<div class=\"elementor-widget-container\">\n\t\t\t\t\t\t\t<div class=\"elementor-icon-wrapper\">\n\t\t\t<div class=\"elementor-icon\">\n\t\t\t<svg aria-hidden=\"true\" class=\"e-font-icon-svg e-fas-arrow-down\" viewBox=\"0 0 448 512\" xmlns=\"http:\/\/www.w3.org\/2000\/svg\"><path d=\"M413.1 222.5l22.2 22.2c9.4 9.4 9.4 24.6 0 33.9L241 473c-9.4 9.4-24.6 9.4-33.9 0L12.7 278.6c-9.4-9.4-9.4-24.6 0-33.9l22.2-22.2c9.5-9.5 25-9.3 34.3.4L184 343.4V56c0-13.3 10.7-24 24-24h32c13.3 0 24 10.7 24 24v287.4l114.8-120.5c9.3-9.8 24.8-10 34.3-.4z\"><\/path><\/svg>\t\t\t<\/div>\n\t\t<\/div>\n\t\t\t\t\t\t<\/div>\n\t\t\t\t<\/div>\n\t\t\t\t<\/div>\n\t\t\t\t<\/div>\n\t\t<div class=\"elementor-element elementor-element-16cbfae3 e-con-full elementor-hidden-widescreen e-flex wpr-particle-no wpr-jarallax-no wpr-parallax-no wpr-sticky-section-no wpr-equal-height-no e-con e-child\" data-id=\"16cbfae3\" data-element_type=\"container\" data-e-type=\"container\">\n\t\t\t\t<div class=\"elementor-element elementor-element-37adee36 elementor-mobile-align-center elementor-hidden-desktop elementor-widget elementor-widget-button\" data-id=\"37adee36\" data-element_type=\"widget\" data-e-type=\"widget\" data-widget_type=\"button.default\">\n\t\t\t\t<div class=\"elementor-widget-container\">\n\t\t\t\t\t\t\t\t\t<div class=\"elementor-button-wrapper\">\n\t\t\t\t\t<a class=\"elementor-button elementor-button-link elementor-size-sm\" href=\"https:\/\/eeglyon.org\/index.php\/contact\/\">\n\t\t\t\t\t\t<span class=\"elementor-button-content-wrapper\">\n\t\t\t\t\t\t\t\t\t<span class=\"elementor-button-text\">Contactez-nous <\/span>\n\t\t\t\t\t<\/span>\n\t\t\t\t\t<\/a>\n\t\t\t\t<\/div>\n\t\t\t\t\t\t\t\t<\/div>\n\t\t\t\t<\/div>\n\t\t\t\t<\/div>\n\t\t\t\t<\/div>\n\t\t<div class=\"elementor-element elementor-element-a4f17eb e-flex e-con-boxed wpr-particle-no wpr-jarallax-no wpr-parallax-no wpr-sticky-section-no wpr-equal-height-no e-con e-parent\" data-id=\"a4f17eb\" data-element_type=\"container\" data-e-type=\"container\">\n\t\t\t\t\t<div class=\"e-con-inner\">\n\t\t<div class=\"elementor-element elementor-element-584aeb5e e-con-full e-flex wpr-particle-no wpr-jarallax-no wpr-parallax-no wpr-sticky-section-no wpr-equal-height-no e-con e-child\" data-id=\"584aeb5e\" data-element_type=\"container\" data-e-type=\"container\">\n\t\t\t\t<div class=\"elementor-element elementor-element-76e9493d elementor-widget__width-initial elementor-widget-divider--view-line elementor-widget elementor-widget-divider\" data-id=\"76e9493d\" data-element_type=\"widget\" data-e-type=\"widget\" data-widget_type=\"divider.default\">\n\t\t\t\t<div class=\"elementor-widget-container\">\n\t\t\t\t\t\t\t<div class=\"elementor-divider\">\n\t\t\t<span class=\"elementor-divider-separator\">\n\t\t\t\t\t\t<\/span>\n\t\t<\/div>\n\t\t\t\t\t\t<\/div>\n\t\t\t\t<\/div>\n\t\t\t\t<div class=\"elementor-element elementor-element-24d95b49 title elementor-widget elementor-widget-heading\" data-id=\"24d95b49\" data-element_type=\"widget\" data-e-type=\"widget\" data-widget_type=\"heading.default\">\n\t\t\t\t<div class=\"elementor-widget-container\">\n\t\t\t\t\t<h2 class=\"elementor-heading-title elementor-size-default\">Contactez-nous<\/h2>\t\t\t\t<\/div>\n\t\t\t\t<\/div>\n\t\t\t\t<\/div>\n\t\t<div class=\"elementor-element elementor-element-5699742 e-con-full e-flex wpr-particle-no wpr-jarallax-no wpr-parallax-no wpr-sticky-section-no wpr-equal-height-no e-con e-child\" data-id=\"5699742\" data-element_type=\"container\" data-e-type=\"container\">\n\t\t\t\t<div class=\"elementor-element elementor-element-e8b3b7a elementor-widget elementor-widget-heading\" data-id=\"e8b3b7a\" data-element_type=\"widget\" data-e-type=\"widget\" data-widget_type=\"heading.default\">\n\t\t\t\t<div class=\"elementor-widget-container\">\n\t\t\t\t\t<h2 class=\"elementor-heading-title elementor-size-default\">NOS CONTACTS<\/h2>\t\t\t\t<\/div>\n\t\t\t\t<\/div>\n\t\t\t\t<div class=\"elementor-element elementor-element-8241c4a elementor-widget elementor-widget-text-editor\" data-id=\"8241c4a\" data-element_type=\"widget\" data-e-type=\"widget\" data-widget_type=\"text-editor.default\">\n\t\t\t\t<div class=\"elementor-widget-container\">\n\t\t\t\t\t\t\t\t\tEcrivez-nous et nous vous contactons ou appelez-nous au +33 7 61 95 58 35. <br> Soyez b\u00e9ni de notre Seigneur J\u00e9sus-Christ.\t\t\t\t\t\t\t\t<\/div>\n\t\t\t\t<\/div>\n\t\t\t\t<\/div>\n\t\t\t\t\t<\/div>\n\t\t\t\t<\/div>\n\t\t<div class=\"elementor-element elementor-element-ca00b13 e-flex e-con-boxed wpr-particle-no wpr-jarallax-no wpr-parallax-no wpr-sticky-section-no wpr-equal-height-no e-con e-parent\" data-id=\"ca00b13\" data-element_type=\"container\" data-e-type=\"container\">\n\t\t\t\t\t<div class=\"e-con-inner\">\n\t\t\t\t<div class=\"elementor-element elementor-element-8d3d78d elementor-widget elementor-widget-xpro-contact-form\" data-id=\"8d3d78d\" data-element_type=\"widget\" data-e-type=\"widget\" data-settings=\"{&quot;form_name&quot;:&quot;Contact Form&quot;,&quot;form_subject&quot;:&quot;Enquiry Form&quot;,&quot;success_message&quot;:&quot;Merci pour votre Message, nous vous allons vous r\\u00e9pondre tr\\u00e8s prochainement&quot;,&quot;error_message&quot;:&quot;Une erreur est apparue&quot;,&quot;required_field_message&quot;:&quot;Merci de remplir les champs vides&quot;}\" data-widget_type=\"xpro-contact-form.default\">\n\t\t\t\t<div class=\"elementor-widget-container\">\n\t\t\t\t\t<div class=\"xpro-contact-form-message\"><\/div>\r\n<form id=\"xpro-contact-form-8d3d78d\" class=\"xpro-contact-form\" action=\"https:\/\/eeglyon.org\/wp-admin\/admin-ajax.php?action=xpro_elementor_contact_form&#038;nonce=f1ec19b3a1\">\r\n\t\t\t<div class=\"xpro-contact-form-item xpro-contact-form-item-type-text xpro-contact-form-require elementor-repeater-item-7a183c5 \">\r\n\t\t\t\t\t\t\t<label for=\"form-field-7a183c5\" class=\"xpro-contact-form-item-label\">Nom<\/label>\r\n\t\t\t\t\t\t<input id=\"form-field-7a183c5\" name=\"form-field-7a183c5\" class=\"xpro-contact-form-field-textual\" type=\"text\" placeholder=\"Nom\" value=\"\" required=\"required\" aria-required=\"true\">\t\t<\/div>\r\n\t\t\t<div class=\"xpro-contact-form-item xpro-contact-form-item-type-email xpro-contact-form-require elementor-repeater-item-931db8c \">\r\n\t\t\t\t\t\t\t<label for=\"form-field-931db8c\" class=\"xpro-contact-form-item-label\">Email<\/label>\r\n\t\t\t\t\t\t<input id=\"form-field-931db8c\" name=\"form-field-931db8c\" class=\"xpro-contact-form-field-textual\" type=\"email\" placeholder=\"Email\" value=\"\" required=\"required\" aria-required=\"true\">\t\t<\/div>\r\n\t\t\t<div class=\"xpro-contact-form-item xpro-contact-form-item-type-number elementor-repeater-item-a8e6f87 \">\r\n\t\t\t\t\t\t\t<label for=\"form-field-a8e6f87\" class=\"xpro-contact-form-item-label\">Phone<\/label>\r\n\t\t\t\t\t\t<input id=\"form-field-a8e6f87\" name=\"form-field-a8e6f87\" class=\"xpro-contact-form-field-textual\" type=\"number\" placeholder=\"T\u00e9l\u00e9phone\" value=\"\">\t\t<\/div>\r\n\t\t\t<div class=\"xpro-contact-form-item xpro-contact-form-item-type-text elementor-repeater-item-c8a24c0 \">\r\n\t\t\t\t\t\t\t<label for=\"form-field-c8a24c0\" class=\"xpro-contact-form-item-label\">Sujet<\/label>\r\n\t\t\t\t\t\t<input id=\"form-field-c8a24c0\" name=\"form-field-c8a24c0\" class=\"xpro-contact-form-field-textual\" type=\"text\" placeholder=\"Sujet\" value=\"\">\t\t<\/div>\r\n\t\t\t<div class=\"xpro-contact-form-item xpro-contact-form-item-type-textarea xpro-contact-form-require elementor-repeater-item-ad0ec88 \">\r\n\t\t\t\t\t\t\t<label for=\"form-field-ad0ec88\" class=\"xpro-contact-form-item-label\">Message<\/label>\r\n\t\t\t\t\t\t<textarea class=\"xpro-contact-form-field-textual\" name=\"form-field-ad0ec88\" id=\"form-field-ad0ec88\" rows=\"4\" placeholder=\"Message\" required=\"required\" aria-required=\"true\"><\/textarea>\t\t<\/div>\r\n\t\t\t<div class=\"xpro-contact-form-item xpro-contact-form-item-type-submit\">\r\n\t\t<button type=\"submit\" class=\"xpro-contact-form-submit-button\">\r\n\t\t\t\t\t\t\t\t\t\t\t  Envoyer\t\t\t\t\t\t  <i aria-hidden=\"true\" class=\"fas fa-circle-notch\"><\/i>\r\n\t\t\t        \t\t\t<\/button>\r\n\t<\/div>\r\n<\/form>\r\n\t\t\t\t<\/div>\n\t\t\t\t<\/div>\n\t\t<div class=\"elementor-element elementor-element-99e48d7 e-con-full e-flex wpr-particle-no wpr-jarallax-no wpr-parallax-no wpr-sticky-section-no wpr-equal-height-no e-con e-child\" data-id=\"99e48d7\" data-element_type=\"container\" data-e-type=\"container\">\n\t\t\t\t<div class=\"elementor-element elementor-element-3bee4b6 elementor-widget elementor-widget-heading\" data-id=\"3bee4b6\" data-element_type=\"widget\" data-e-type=\"widget\" data-widget_type=\"heading.default\">\n\t\t\t\t<div class=\"elementor-widget-container\">\n\t\t\t\t\t<h2 class=\"elementor-heading-title elementor-size-default\">TEMOIGNER<\/h2>\t\t\t\t<\/div>\n\t\t\t\t<\/div>\n\t\t\t\t<div class=\"elementor-element elementor-element-da11b3d elementor-widget elementor-widget-text-editor\" data-id=\"da11b3d\" data-element_type=\"widget\" data-e-type=\"widget\" data-widget_type=\"text-editor.default\">\n\t\t\t\t<div class=\"elementor-widget-container\">\n\t\t\t\t\t\t\t\t\t<b>Votre t\u00e9moignage avec EEG Lyon nous b\u00e9nira !\u00a0 <br> Merci.<\/b>\t\t\t\t\t\t\t\t<\/div>\n\t\t\t\t<\/div>\n\t\t\t\t<\/div>\n\t\t\t\t<div class=\"elementor-element elementor-element-3f76ce6 elementor-widget elementor-widget-xpro-contact-form\" data-id=\"3f76ce6\" data-element_type=\"widget\" data-e-type=\"widget\" data-settings=\"{&quot;form_name&quot;:&quot;Contact Form&quot;,&quot;form_subject&quot;:&quot;Enquiry Form&quot;,&quot;success_message&quot;:&quot;Merci pour votre Message, nous vous allons vous r\\u00e9pondre tr\\u00e8s prochainement&quot;,&quot;error_message&quot;:&quot;Une erreur est apparue&quot;,&quot;required_field_message&quot;:&quot;Merci de remplir les champs vides&quot;}\" data-widget_type=\"xpro-contact-form.default\">\n\t\t\t\t<div class=\"elementor-widget-container\">\n\t\t\t\t\t<div class=\"xpro-contact-form-message\"><\/div>\r\n<form id=\"xpro-contact-form-3f76ce6\" class=\"xpro-contact-form\" action=\"https:\/\/eeglyon.org\/wp-admin\/admin-ajax.php?action=xpro_elementor_contact_form&#038;nonce=f1ec19b3a1\">\r\n\t\t\t<div class=\"xpro-contact-form-item xpro-contact-form-item-type-text xpro-contact-form-require elementor-repeater-item-7a183c5 \">\r\n\t\t\t\t\t\t\t<label for=\"form-field-7a183c5\" class=\"xpro-contact-form-item-label\">Nom<\/label>\r\n\t\t\t\t\t\t<input id=\"form-field-7a183c5\" name=\"form-field-7a183c5\" class=\"xpro-contact-form-field-textual\" type=\"text\" placeholder=\"Nom\" value=\"\" required=\"required\" aria-required=\"true\">\t\t<\/div>\r\n\t\t\t<div class=\"xpro-contact-form-item xpro-contact-form-item-type-email xpro-contact-form-require elementor-repeater-item-931db8c \">\r\n\t\t\t\t\t\t\t<label for=\"form-field-931db8c\" class=\"xpro-contact-form-item-label\">Email<\/label>\r\n\t\t\t\t\t\t<input id=\"form-field-931db8c\" name=\"form-field-931db8c\" class=\"xpro-contact-form-field-textual\" type=\"email\" placeholder=\"Email\" value=\"\" required=\"required\" aria-required=\"true\">\t\t<\/div>\r\n\t\t\t<div class=\"xpro-contact-form-item xpro-contact-form-item-type-number elementor-repeater-item-a8e6f87 \">\r\n\t\t\t\t\t\t\t<label for=\"form-field-a8e6f87\" class=\"xpro-contact-form-item-label\">Phone<\/label>\r\n\t\t\t\t\t\t<input id=\"form-field-a8e6f87\" name=\"form-field-a8e6f87\" class=\"xpro-contact-form-field-textual\" type=\"number\" placeholder=\"T\u00e9l\u00e9phone\" value=\"\">\t\t<\/div>\r\n\t\t\t<div class=\"xpro-contact-form-item xpro-contact-form-item-type-text elementor-repeater-item-c8a24c0 \">\r\n\t\t\t\t\t\t\t<label for=\"form-field-c8a24c0\" class=\"xpro-contact-form-item-label\">Sujet<\/label>\r\n\t\t\t\t\t\t<input id=\"form-field-c8a24c0\" name=\"form-field-c8a24c0\" class=\"xpro-contact-form-field-textual\" type=\"text\" placeholder=\"Sujet\" value=\"\">\t\t<\/div>\r\n\t\t\t<div class=\"xpro-contact-form-item xpro-contact-form-item-type-textarea xpro-contact-form-require elementor-repeater-item-ad0ec88 \">\r\n\t\t\t\t\t\t\t<label for=\"form-field-ad0ec88\" class=\"xpro-contact-form-item-label\">Message<\/label>\r\n\t\t\t\t\t\t<textarea class=\"xpro-contact-form-field-textual\" name=\"form-field-ad0ec88\" id=\"form-field-ad0ec88\" rows=\"4\" placeholder=\"Message\" required=\"required\" aria-required=\"true\"><\/textarea>\t\t<\/div>\r\n\t\t\t<div class=\"xpro-contact-form-item xpro-contact-form-item-type-submit\">\r\n\t\t<button type=\"submit\" class=\"xpro-contact-form-submit-button\">\r\n\t\t\t\t\t\t\t\t\t\t\t  Envoyer\t\t\t\t\t\t  <i aria-hidden=\"true\" class=\"fas fa-circle-notch\"><\/i>\r\n\t\t\t        \t\t\t<\/button>\r\n\t<\/div>\r\n<\/form>\r\n\t\t\t\t<\/div>\n\t\t\t\t<\/div>\n\t\t\t\t\t<\/div>\n\t\t\t\t<\/div>\n\t\t\t\t<\/div>\n\t\t","protected":false},"excerpt":{"rendered":"<p>F o l l o w u s Facebook Twitter Youtube Eglise Evang\u00e9lique de la Gr\u00e2ce Eglise Evang\u00e9lique de la Gr\u00e2ce Nous contacter Scroll Down Contactez-nous Contactez-nous NOS CONTACTS Ecrivez-nous et nous vous contactons ou appelez-nous au +33 7 61 95 58 35. Soyez b\u00e9ni de notre Seigneur J\u00e9sus-Christ. Nom Email Phone Sujet Message Envoyer TEMOIGNER Votre t\u00e9moignage avec EEG Lyon nous b\u00e9nira !\u00a0 Merci. Nom Email Phone Sujet Message Envoyer<\/p>\n","protected":false},"author":1,"featured_media":0,"parent":0,"menu_order":0,"comment_status":"closed","ping_status":"closed","template":"elementor_header_footer","meta":{"_acf_changed":false,"_kadence_starter_templates_imported_post":false,"jnews_page_loop":[],"jnews_single_page":[],"footnotes":""},"class_list":["post-1590","page","type-page","status-publish","hentry"],"acf":[],"_links":{"self":[{"href":"https:\/\/eeglyon.org\/index.php\/wp-json\/wp\/v2\/pages\/1590","targetHints":{"allow":["GET"]}}],"collection":[{"href":"https:\/\/eeglyon.org\/index.php\/wp-json\/wp\/v2\/pages"}],"about":[{"href":"https:\/\/eeglyon.org\/index.php\/wp-json\/wp\/v2\/types\/page"}],"author":[{"embeddable":true,"href":"https:\/\/eeglyon.org\/index.php\/wp-json\/wp\/v2\/users\/1"}],"replies":[{"embeddable":true,"href":"https:\/\/eeglyon.org\/index.php\/wp-json\/wp\/v2\/comments?post=1590"}],"version-history":[{"count":46,"href":"https:\/\/eeglyon.org\/index.php\/wp-json\/wp\/v2\/pages\/1590\/revisions"}],"predecessor-version":[{"id":2628,"href":"https:\/\/eeglyon.org\/index.php\/wp-json\/wp\/v2\/pages\/1590\/revisions\/2628"}],"wp:attachment":[{"href":"https:\/\/eeglyon.org\/index.php\/wp-json\/wp\/v2\/media?parent=1590"}],"curies":[{"name":"wp","href":"https:\/\/api.w.org\/{rel}","templated":true}]}}